{"id":6,"date":"2013-02-06T23:40:27","date_gmt":"2013-02-06T21:40:27","guid":{"rendered":"http:\/\/wordpress.susanneklipstein.de\/?page_id=6"},"modified":"2013-03-16T17:04:38","modified_gmt":"2013-03-16T15:04:38","slug":"uber-mich","status":"publish","type":"page","link":"https:\/\/www.susanneklipstein.de\/?page_id=6","title":{"rendered":"\u00dcber mich"},"content":{"rendered":"<p>Die Reiterei ist eine Passion, der Wunsch nach Harmonie und Einheit im Umgang mit dem Pferd ein Virus.<\/p>\n<p>Es gibt zwei M\u00f6glichkeiten der Infektion: die Eine ist harmlos, schmerzfrei und geht \u00fcblicherweise schnell wieder vorbei, ohne Risiken und Nebenwirkungen.<\/p>\n<p>Die Andere nimmt einen anderen Verlauf: Anamnesen meist nicht ausreichend, Diagnosen vielf\u00e4ltig und nicht standardisiert, ohne ein klassisches Patentrezept. Man lernt, lernt und lernt- leider nicht immer von wirklich guten Pferdemenschen und Ausbildern, denn die, so musste ich feststellen, sind rar ges\u00e4t-, und f\u00e4ngt ab einem gewissen Punkt an, selbst hinzuschauen und selbst zu denken: offen, kritisch und zum Wohle des Pferdes. Diese Form der Infektion bezeichne ich als Passion.<\/p>\n<p>Auch ich habe irgendwann einmal angefangen \u2013 wie alle Reiter, die vom Pferdevirus infiziert werden; das war im Jahr 1972, da machte ich meine ersten Reiterfahrungen auf einer Lipizzanerstute und wurde mit der zweiten Sorte Virus infiziert.<\/p>\n<p><a href=\"http:\/\/wordpress.susanneklipstein.de\/wp-content\/uploads\/2013\/02\/IMAG0010-hp.jpg\"><img loading=\"lazy\" decoding=\"async\" class=\"alignnone size-medium wp-image-61\" alt=\"IMAG0010 hp\" src=\"http:\/\/wordpress.susanneklipstein.de\/wp-content\/uploads\/2013\/02\/IMAG0010-hp-300x285.jpg\" width=\"300\" height=\"285\" srcset=\"https:\/\/www.susanneklipstein.de\/wp-content\/uploads\/2013\/02\/IMAG0010-hp-300x285.jpg 300w, https:\/\/www.susanneklipstein.de\/wp-content\/uploads\/2013\/02\/IMAG0010-hp.jpg 400w\" sizes=\"auto, (max-width: 300px) 100vw, 300px\" \/><\/a><\/p>\n<p>Ursprunglich habe ich den Beruf der Bibliothekarin gelernt und ausge\u00fcbt.<\/p>\n<p>In den Jahren folgte ich allerdings immer mehr meiner Berufung und machte aus meiner Passion eine Profession.<\/p>\n<p>Inzwischen kann ich gut und gerne auf mehr als 40 Jahre Erfahrung in der Reiterei, im Umgang und Ausbildung unterschiedlichster Pferdetypen und Rassen zur\u00fcckblicken.)<\/p>\n<p>1979 bekam ich mein 1.eigenes Pferd und in Anlehnung an die klassische Dressurausbildung wurde daraus im Laufe der Jahre ein zuverl\u00e4ssiges, bis S-Dressur ausgebildetes und auch im Gel\u00e4nde sicheres Reitpferd und zus\u00e4tzlich ein guter Freund.<\/p>\n<p>Wie gesagt, auch ich ging durch die klassische Skala der Dressurausbildung.<\/p>\n<p><a href=\"http:\/\/wordpress.susanneklipstein.de\/wp-content\/uploads\/2013\/02\/Ladino0001hp.jpg\"><img loading=\"lazy\" decoding=\"async\" class=\"alignnone size-medium wp-image-59\" alt=\"Ladino0001hp\" src=\"http:\/\/wordpress.susanneklipstein.de\/wp-content\/uploads\/2013\/02\/Ladino0001hp-300x229.jpg\" width=\"300\" height=\"229\" srcset=\"https:\/\/www.susanneklipstein.de\/wp-content\/uploads\/2013\/02\/Ladino0001hp-300x229.jpg 300w, https:\/\/www.susanneklipstein.de\/wp-content\/uploads\/2013\/02\/Ladino0001hp.jpg 500w\" sizes=\"auto, (max-width: 300px) 100vw, 300px\" \/><\/a><\/p>\n<p>1990 mit meinem Hannoveranerwallach &#8222;Ladino&#8220; von Ludendorff<\/p>\n<p>&nbsp;<\/p>\n<p>Nachdem ich die\u00a0 Basisausbildung absolvierte, die Grundbegriffe der Reiterei gelernt und verschiedenste Pferdetypen trainiert hatte, fing ich an, selbst\u00e4ndig zu denken, seit Jahrzehnten geltende Reitervorschriften der Sportdressur zu hinterfragen und mir die Antworten bei meinen Pferden einzuholen. Ich stellte f\u00fcr mich fest, dass die in Deutschland und vielen Teilen Europas \u00fcbliche Art der modernen Sportpferdeausbildung nicht mit meinem Sehen, Denken und F\u00fchlen \u00fcbereinstimmte. F\u00fcr mich standen die Bed\u00fcrfnisse des Pferdes, eine pferdegerechte Ausbildung mit viel Geduld und f\u00fcr das Pferd ausreichend Zeit unter Ber\u00fccksichtigung seiner Anatomie und Psyche im Vordergrund.<\/p>\n<p>Im Laufe der Jahre besuchte ich Seminare von verschiedenen Ausbildern wie Bent Branderup, Richard Hinrichs, Eddy Willems, Phillipe Karl, Bea Borelle , beobachtetet deren Entwicklung und suchte nach passenden Ideen f\u00fcr meine Arbeit.<\/p>\n<p>Im Sp\u00e4tsommer 2006 lernte ich Pascale Berthier kennen. Da mich Baucher schon immer sehr interessierte, ich aber keine Informationen \u00fcber die Umsetzung seiner Methoden in der heutigen Praxis hatte, war das ein gro\u00dfes Gl\u00fcck f\u00fcr mich!<\/p>\n<p style=\"text-align: center;\"><a href=\"http:\/\/www.susanneklipstein.de\/wp-content\/uploads\/2013\/02\/IMG_4177hp.jpg\"><img loading=\"lazy\" decoding=\"async\" class=\"aligncenter size-medium wp-image-145\" alt=\"IMG_4177hp\" src=\"http:\/\/www.susanneklipstein.de\/wp-content\/uploads\/2013\/02\/IMG_4177hp-300x199.jpg\" width=\"300\" height=\"199\" srcset=\"https:\/\/www.susanneklipstein.de\/wp-content\/uploads\/2013\/02\/IMG_4177hp-300x199.jpg 300w, https:\/\/www.susanneklipstein.de\/wp-content\/uploads\/2013\/02\/IMG_4177hp.jpg 700w\" sizes=\"auto, (max-width: 300px) 100vw, 300px\" \/><\/a><\/p>\n<p>Wir pfllegen einen intensiven Austausch und durch sie lernte ich auch Jean-Claude Racinet kennen, mit dem sie schon seit einigen Jahren arbeitete. Im Sommer 2006 durfte ich ihn auch pers\u00f6nlich kennen lernen. Mit Mitgliedern unseres Arbeitskreises besuchte ich ein Seminar in der Oberlausitz, im Herbst dann ein 2.<\/p>\n<p style=\"text-align: center;\"><a href=\"http:\/\/www.susanneklipstein.de\/wp-content\/uploads\/2013\/02\/Susi17.jpg\"><img loading=\"lazy\" decoding=\"async\" class=\"aligncenter size-medium wp-image-146\" alt=\"Susi17\" src=\"http:\/\/www.susanneklipstein.de\/wp-content\/uploads\/2013\/02\/Susi17-225x300.jpg\" width=\"225\" height=\"300\" srcset=\"https:\/\/www.susanneklipstein.de\/wp-content\/uploads\/2013\/02\/Susi17-225x300.jpg 225w, https:\/\/www.susanneklipstein.de\/wp-content\/uploads\/2013\/02\/Susi17.jpg 300w\" sizes=\"auto, (max-width: 225px) 100vw, 225px\" \/><\/a><\/p>\n<p>Am 2. und 3. Oktober 2007 war es dann soweit: Jean-Claude Racinet kam zu mir zum Training!! (Der 1.Unterricht f\u00fcr mich nach \u00fcber 30 Jahren ) Im Mai 2008 durfte ich dann ein 2.Mal mit ihm arbeiten!( <a href=\"http:\/\/www.susanneklipstein.de\/?page_id=28\">Link zu Cortijero<\/a>)<\/p>\n<p><a href=\"http:\/\/wordpress.susanneklipstein.de\/wp-content\/uploads\/2013\/02\/Susi23-300x200.jpg\"><img loading=\"lazy\" decoding=\"async\" class=\"alignnone size-full wp-image-62\" alt=\"Susi23-300x200\" src=\"http:\/\/wordpress.susanneklipstein.de\/wp-content\/uploads\/2013\/02\/Susi23-300x200.jpg\" width=\"300\" height=\"200\" \/><\/a><\/p>\n<p>Seine ruhige, feine Art mit den Pferden zu arbeiten und sich ihnen verst\u00e4ndlich zu machen, begeisterte mich immer wieder .<\/p>\n<p><a href=\"http:\/\/www.susanneklipstein.de\/wp-content\/uploads\/2013\/02\/Susi22.jpg\"><img loading=\"lazy\" decoding=\"async\" class=\"aligncenter size-medium wp-image-147\" alt=\"Susi22\" src=\"http:\/\/www.susanneklipstein.de\/wp-content\/uploads\/2013\/02\/Susi22-239x300.jpg\" width=\"239\" height=\"300\" srcset=\"https:\/\/www.susanneklipstein.de\/wp-content\/uploads\/2013\/02\/Susi22-239x300.jpg 239w, https:\/\/www.susanneklipstein.de\/wp-content\/uploads\/2013\/02\/Susi22.jpg 383w\" sizes=\"auto, (max-width: 239px) 100vw, 239px\" \/><\/a><\/p>\n<p>Zu diesem Zeitpunkt konnte ich nicht wissen, dass es leider die letzte pers\u00f6nliche Lektion sein w\u00fcrde. Sein Tod hat mich zutiefst getroffen und eine gro\u00dfe L\u00fccke hinterlassen, aber er hat soviel Wertvolles und\u00a0 Wissenswertes bzw. Notwendiges und Unabdingbares f\u00fcr die Reiterei hinterlassen und seine Lehren werden meine Arbeit begleiten und immer wieder bereichern.<\/p>\n<p>Und somit bin ich dankbar f\u00fcr die kurze Zeit und \u00e4u\u00dfere meine Hochachtung und meinen Respekt vor diesem einzigartigen Menschen, auch wenn ich mir selbst gew\u00fcnscht h\u00e4tte, noch viele Jahre der Zusammenarbeit und des Austausches gehabt haben zu k\u00f6nnen.<\/p>\n<p><strong>Es sind nicht Zeit, H\u00e4ufigkeit und Regelm\u00e4\u00dfigkeit, die Begegnungen zwischen Menschen ausmachen, sondern ihre Einstellung, an Gleiches zu glauben, Ihre Energie, \u201eGutes\u201c weiterzuentwickeln und Ihr fester Wille, sich einer Sache mit ganzem Herzen zu widmen, f\u00fcr diese einzustehen und sie letztendlich voranzutreiben. Es ist die Erkenntnis und Offenbarung im Augenblick um des Wissens einer besonderen Verbundenheit, welche uns offen macht und teilhaben l\u00e4sst.<\/strong><\/p>\n<p style=\"text-align: center;\"><a href=\"http:\/\/wordpress.susanneklipstein.de\/wp-content\/uploads\/2013\/02\/Widmung1.jpg\"><img loading=\"lazy\" decoding=\"async\" class=\"alignnone size-medium wp-image-70\" alt=\"Widmung1\" src=\"http:\/\/wordpress.susanneklipstein.de\/wp-content\/uploads\/2013\/02\/Widmung1-294x300.jpg\" width=\"419\" height=\"427\" srcset=\"https:\/\/www.susanneklipstein.de\/wp-content\/uploads\/2013\/02\/Widmung1-294x300.jpg 294w, https:\/\/www.susanneklipstein.de\/wp-content\/uploads\/2013\/02\/Widmung1.jpg 527w\" sizes=\"auto, (max-width: 419px) 100vw, 419px\" \/><\/a><\/p>\n","protected":false},"excerpt":{"rendered":"<p>Die Reiterei ist eine Passion, der Wunsch nach Harmonie und Einheit im Umgang mit dem Pferd ein Virus. Es gibt zwei M\u00f6glichkeiten der Infektion: die Eine ist harmlos, schmerzfrei und geht \u00fcblicherweise schnell wieder vorbei, ohne Risiken und Nebenwirkungen. Die &hellip; <a href=\"https:\/\/www.susanneklipstein.de\/?page_id=6\">Weiterlesen <span class=\"meta-nav\">&rarr;<\/span><\/a><\/p>\n","protected":false},"author":1,"featured_media":0,"parent":0,"menu_order":1,"comment_status":"open","ping_status":"open","template":"","meta":{"footnotes":""},"class_list":["post-6","page","type-page","status-publish","hentry"],"_links":{"self":[{"href":"https:\/\/www.susanneklipstein.de\/index.php?rest_route=\/wp\/v2\/pages\/6","targetHints":{"allow":["GET"]}}],"collection":[{"href":"https:\/\/www.susanneklipstein.de\/index.php?rest_route=\/wp\/v2\/pages"}],"about":[{"href":"https:\/\/www.susanneklipstein.de\/index.php?rest_route=\/wp\/v2\/types\/page"}],"author":[{"embeddable":true,"href":"https:\/\/www.susanneklipstein.de\/index.php?rest_route=\/wp\/v2\/users\/1"}],"replies":[{"embeddable":true,"href":"https:\/\/www.susanneklipstein.de\/index.php?rest_route=%2Fwp%2Fv2%2Fcomments&post=6"}],"version-history":[{"count":9,"href":"https:\/\/www.susanneklipstein.de\/index.php?rest_route=\/wp\/v2\/pages\/6\/revisions"}],"predecessor-version":[{"id":50,"href":"https:\/\/www.susanneklipstein.de\/index.php?rest_route=\/wp\/v2\/pages\/6\/revisions\/50"}],"wp:attachment":[{"href":"https:\/\/www.susanneklipstein.de\/index.php?rest_route=%2Fwp%2Fv2%2Fmedia&parent=6"}],"curies":[{"name":"wp","href":"https:\/\/api.w.org\/{rel}","templated":true}]}}